--
-- Datenbank: `sqlkurs`
--
-- --------------------------------------------------------
--
-- Tabellenstruktur fuer Tabelle `tbl_mitarbeiter`
--

CREATE TABLE `tbl_mitarbeiter` (
  `personal_ID` varchar(4) NOT NULL default '',
  `titel_ID` varchar(2) default NULL,
  `name` varchar(30) NOT NULL default '',
  `vorname` varchar(30) NOT NULL default '',
  `strasse` varchar(50) NOT NULL default '',
  `plz` varchar(5) default NULL,
  `geburtsdatum` date NOT NULL default '0000-00-00',
  `telefon` varchar(20) default NULL,
  `einstelldatum` date default '0000-00-00',
  `bruttolohn` decimal(6,2) default '0.00',
  `position` varchar(2) default '1',
  `abteilung_ID` varchar(4) default NULL,
  `raum_ID` varchar(4) default NULL,
  PRIMARY KEY  (`personal_ID`)
) ENGINE=INNODB ;

-- --------------------------------------------------------
--
-- Tabellenstruktur fuer Tabelle `tbl_abteilung`
--

CREATE TABLE `tbl_abteilung` (
  `abteilung_ID` varchar(4) NOT NULL default '',
  `abteilungsname` varchar(50) NOT NULL default '',
  `vorgesetzter` varchar(4)  default NULL,
  `abteilung_aufgabengebiet` varchar(50) default NULL,
  PRIMARY KEY  (`abteilung_ID`)
) ENGINE=INNODB ;

-- --------------------------------------------------------
--
-- Tabellenstruktur fuer Tabelle `tbl_raum`
--

CREATE TABLE `tbl_raum` (
  `raum_ID` char(4) NOT NULL default '',
  `raumgroesse` decimal(5,2) NOT NULL default '0.00',
  `anz_plaetze` int(3) default NULL,
  `anz_computer` int(3) default NULL,
  `raummiete` decimal(6,2) default NULL,
  PRIMARY KEY  (`raum_ID`)
) ENGINE=INNODB ;

-- --------------------------------------------------------
--
-- Tabellenstruktur fuer Tabelle `tbl_titel`
--

CREATE TABLE `tbl_titel` (
  `titel_ID` varchar(2) NOT NULL default '',
  `titel` varchar(25) default NULL,
  PRIMARY KEY  (`titel_ID`)
) ENGINE=INNODB ;

-- --------------------------------------------------------
--
-- Tabellenstruktur fuer Tabelle `tbl_position`
--

CREATE TABLE `tbl_position` (
  `position_ID` varchar(2) NOT NULL default '',
  `beschreibung` varchar(30) default NULL,
  PRIMARY KEY  (`position_ID`)
) ENGINE=INNODB ;

-- --------------------------------------------------------
--
-- Tabellenstruktur fuer Tabelle `tbl_plz`
--

CREATE TABLE `tbl_plz` (
  `plz` varchar(5) NOT NULL default '',
  `ort` varchar(50) default NULL,
  `vorwahl` varchar(12) default NULL,
  PRIMARY KEY  (`plz`)
) ENGINE=INNODB ;

-- --------------------------------------------------------
-- Constraints der Tabelle `tbl_mitarbeiter`
--

ALTER TABLE `tbl_mitarbeiter`
  ADD INDEX `fk_mi_titel` (`titel_ID`),
  ADD FOREIGN KEY (`titel_ID`)
  REFERENCES `tbl_titel` (`titel_ID`)
  ON DELETE SET NULL
  ON UPDATE CASCADE,

  ADD INDEX `fk_mi_plz` (`plz`),
  ADD FOREIGN KEY (`plz`)
  REFERENCES `tbl_plz` (`plz`)
  ON DELETE SET NULL
  ON UPDATE CASCADE,

  ADD INDEX `fk_mi_position` (`position`),
  ADD FOREIGN KEY (`position`)
  REFERENCES `tbl_position` (`position_ID`)
  ON DELETE SET NULL
  ON UPDATE CASCADE,

  ADD INDEX `fk_mi_abteilung` (`abteilung_ID`),
  ADD FOREIGN KEY (`abteilung_ID`)
  REFERENCES `tbl_abteilung` (`abteilung_ID`)
  ON DELETE SET NULL
  ON UPDATE CASCADE,

  ADD INDEX `fk_mi_raum` (`raum_ID`),
  ADD FOREIGN KEY (`raum_ID`)
  REFERENCES `tbl_raum` (`raum_ID`)
  ON DELETE SET NULL
  ON UPDATE CASCADE;

-- --------------------------------------------------------
-- Constraints der Tabelle `tbl_abteilung`
--
--
  ALTER TABLE `tbl_abteilung`
  ADD INDEX `fk_ab_vorgesetzter` (`vorgesetzter`),
  ADD FOREIGN KEY (`vorgesetzter`)
  REFERENCES `tbl_mitarbeiter` (`personal_ID`)
  ON DELETE SET NULL
  ON UPDATE CASCADE;

-- --------------------------------------------------------
--
-- Daten fuer Tabelle `tbl_titel`
--

INSERT INTO `tbl_titel` VALUES ('1', 'Frau');
INSERT INTO `tbl_titel` VALUES ('10', 'Dr. rer. nat.');
INSERT INTO `tbl_titel` VALUES ('11', 'Dr.-Ing.');
INSERT INTO `tbl_titel` VALUES ('12', 'Dr.-Ing. habil');
INSERT INTO `tbl_titel` VALUES ('13', 'Ing.');
INSERT INTO `tbl_titel` VALUES ('14', 'Prof.');
INSERT INTO `tbl_titel` VALUES ('15', 'Prof. Dr. phil. Habil');
INSERT INTO `tbl_titel` VALUES ('16', 'Prof. Dr. rer. nat.');
INSERT INTO `tbl_titel` VALUES ('17', 'Prof. Dr.-Ing.');
INSERT INTO `tbl_titel` VALUES ('2', 'Herr');
INSERT INTO `tbl_titel` VALUES ('3', 'Miss');
INSERT INTO `tbl_titel` VALUES ('4', 'Mrs.');
INSERT INTO `tbl_titel` VALUES ('5', 'Mr.');
INSERT INTO `tbl_titel` VALUES ('6', 'Dipl.-BW');
INSERT INTO `tbl_titel` VALUES ('7', 'Dipl.-Ing.');
INSERT INTO `tbl_titel` VALUES ('8', 'Dilp.-Kfm');
INSERT INTO `tbl_titel` VALUES ('9', 'Dr.');

-- --------------------------------------------------------
--
-- Daten fuer Tabelle `tbl_plz`
--

INSERT INTO `tbl_plz` VALUES ('01067', 'Dresden', '0351');
INSERT INTO `tbl_plz` VALUES ('01069', 'Dresden', '0351');
INSERT INTO `tbl_plz` VALUES ('01097', 'Dresden', '0351');
INSERT INTO `tbl_plz` VALUES ('01159', 'Dresden', '0351');
INSERT INTO `tbl_plz` VALUES ('01187', 'Dresden', '0351');
INSERT INTO `tbl_plz` VALUES ('01219', 'Dresden', '0351');
INSERT INTO `tbl_plz` VALUES ('01277', 'Dresden', '0351');
INSERT INTO `tbl_plz` VALUES ('01279', 'Dresden', '0351');
INSERT INTO `tbl_plz` VALUES ('01326', 'Dresden', '0351');
INSERT INTO `tbl_plz` VALUES ('01440', 'Radebeul', NULL);
INSERT INTO `tbl_plz` VALUES ('01454', 'Radeberg', '03528');
INSERT INTO `tbl_plz` VALUES ('01466', 'Moritzburg', '035207');
INSERT INTO `tbl_plz` VALUES ('01469', 'Radeburg', '035208');
INSERT INTO `tbl_plz` VALUES ('01471', 'Steinbach bei Moritzburg', '035208');
INSERT INTO `tbl_plz` VALUES ('01796', 'Pirna', '03501');
INSERT INTO `tbl_plz` VALUES ('01827', 'Pirna', '03501');

-- --------------------------------------------------------
--
-- Daten fuer Tabelle `tbl_position`
--

INSERT INTO `tbl_position` VALUES ('1', 'Angestellter');
INSERT INTO `tbl_position` VALUES ('2', 'Arbeiter');
INSERT INTO `tbl_position` VALUES ('3', 'Sekretärin');
INSERT INTO `tbl_position` VALUES ('4', 'Geschäftsführer');
INSERT INTO `tbl_position` VALUES ('5', 'Meister');
INSERT INTO `tbl_position` VALUES ('6', 'Vorarbeiter');
INSERT INTO `tbl_position` VALUES ('7', 'Beamter');

-- --------------------------------------------------------
--
-- Daten fuer Tabelle `tbl_raum`
--

INSERT INTO `tbl_raum` VALUES ('1', 45.00, 3, 3, 450.00);
INSERT INTO `tbl_raum` VALUES ('10', 25.00, 2, 2, 243.75);
INSERT INTO `tbl_raum` VALUES ('11', 43.00, 2, 2, 419.25);
INSERT INTO `tbl_raum` VALUES ('14', 54.00, 3, 4, 634.50);
INSERT INTO `tbl_raum` VALUES ('2', 60.00, 2, 3, 480.00);
INSERT INTO `tbl_raum` VALUES ('3', 80.00, 5, 3, 800.00);
INSERT INTO `tbl_raum` VALUES ('4', 70.00, 5, 4, 682.50);
INSERT INTO `tbl_raum` VALUES ('5', 22.00, 1, 1, 308.00);
INSERT INTO `tbl_raum` VALUES ('6', 50.00, 1, 2, 485.00);
INSERT INTO `tbl_raum` VALUES ('7', 35.00, 1, 1, 341.25);
INSERT INTO `tbl_raum` VALUES ('8', 45.00, 7, 2, 427.50);
INSERT INTO `tbl_raum` VALUES ('9', 34.00, 2, 7, 382.50);

-- --------------------------------------------------------
--
-- Daten fuer Tabelle `tbl_abteilung`
--

INSERT INTO `tbl_abteilung` VALUES ('00', 'Einkauf', NULL, 'Wareneinkauf, Marktbeobachtung');
INSERT INTO `tbl_abteilung` VALUES ('01', 'Personalverwaltung', NULL, 'Einstellungen, Entlassungen, Lohn, usw.');
INSERT INTO `tbl_abteilung` VALUES ('02', 'Kundenbetreuung', NULL, 'Angebotserstellung, Beschwerdemanagement');
INSERT INTO `tbl_abteilung` VALUES ('03', 'Lager', NULL, 'Lagerhaltung');
INSERT INTO `tbl_abteilung` VALUES ('05', 'Management', NULL, 'Planung, Steuerung und Organisation');
INSERT INTO `tbl_abteilung` VALUES ('07', 'Marketing', NULL, 'Werbung, Marktbeobachtung, Öffentlichkeitsarbeit');
INSERT INTO `tbl_abteilung` VALUES ('10', 'IT-Abteilung', NULL, 'Administation, Datensicherheit und -verwaltung');
INSERT INTO `tbl_abteilung` VALUES ('11', 'Forschung- und Entwicklung', NULL, 'Ideenfindung fuer neue Produkte');

-- --------------------------------------------------------
--
-- Daten fuer Tabelle `tbl_mitarbeiter`
--

INSERT INTO `tbl_mitarbeiter` VALUES ('01', '1', 'Schneeberg', 'Monika', 'Wilsdruffer Straße 15', '01067', '1960-10-01', NULL, '2000-02-05', 450.54, '1', '07', '3');
INSERT INTO `tbl_mitarbeiter` VALUES ('02', '2', 'Brauer', 'Martin', 'Bärensteiner Straße 23', '01277', '1972-05-13', '12075649', '1999-06-27', 1242.00, '3', '00', '11');
INSERT INTO `tbl_mitarbeiter` VALUES ('03', '2', 'Dobner', 'Holger', 'Werdauer Straße 1', '01069', '1960-06-06', NULL, '1996-01-15', 638.67, '7', '05', NULL);
INSERT INTO `tbl_mitarbeiter` VALUES ('04', '6', 'Haukohl', 'Fritz', 'Reicker Straße 44 A', '01219', '1977-04-24', '47483647', '1996-09-02', 4575.05, '4', '05', '7');
INSERT INTO `tbl_mitarbeiter` VALUES ('05', '2', 'Müller', 'Franz', 'Waldweg 4', '01326', '1945-09-09', NULL, '1987-11-28', 742.50, '7', '01', '1');
INSERT INTO `tbl_mitarbeiter` VALUES ('06', '17', 'Krause', 'Kurt', 'PostStraße 3', '01159', '1956-08-05', '6547058', '1985-05-02', 4792.00, '4', '05', '6');
INSERT INTO `tbl_mitarbeiter` VALUES ('07', '8', 'Schmidt', 'Emil', 'Feldweg 7 B', '01454', '1975-05-05', NULL, '1995-02-02', 1774.18, '7', '07', '2');
INSERT INTO `tbl_mitarbeiter` VALUES ('08', '1', 'Lehmann', 'Elli', 'OstStraße 2', '01454', '1948-02-02', '4980860', '1980-08-05', 643.50, '7', '01', '4');
INSERT INTO `tbl_mitarbeiter` VALUES ('09', '17', 'Fischer', 'Erna', 'Faßgasse 4', '01796', '1966-06-05', NULL, '1986-08-05', 3179.15, '4', '05', '5');
INSERT INTO `tbl_mitarbeiter` VALUES ('10', '2', 'Mayer', 'Hans', 'Postweg 4', '01796', '1970-04-04', NULL, '1990-01-28', 999.99, '3', '02', NULL);
INSERT INTO `tbl_mitarbeiter` VALUES ('11', '2', 'Maier', 'Kurt', 'Waldweg 6 A', '01326', '1955-08-02', '648328', '1984-02-04', 1742.50, '7', '01', '4');
INSERT INTO `tbl_mitarbeiter` VALUES ('17', '1', 'Schilling', 'Marta', 'Breitenauer Straße 12', '01279', '1954-11-04', NULL, '0000-00-00', 0.00, NULL, NULL, NULL);
INSERT INTO `tbl_mitarbeiter` VALUES ('18', '2', 'Hoffmann', 'Karl-Heinz', 'Altmarkt 22', '01067', '1967-07-12', NULL, '0000-00-00', 495.60, '1', NULL, '8');
INSERT INTO `tbl_mitarbeiter` VALUES ('19', '9', 'Walter', 'Tilo', 'LöwenStraße 54', '01097', '1975-05-29', '1580864', '2003-01-30', 3215.40, NULL, '10', '9');
INSERT INTO `tbl_mitarbeiter` VALUES ('20', '2', 'Lindemann', 'Ernst', 'Wilsdruffer Straße 15', '01067', '1950-01-11', NULL, '0000-00-00', 546.80, '2', '03', '8');
INSERT INTO `tbl_mitarbeiter` VALUES ('25', '2', 'Brown', 'Johann', 'Altmarkt 22', '01067', '1975-10-10', NULL, '2000-02-06', 1550.60, '1', '10', '9');
INSERT INTO `tbl_mitarbeiter` VALUES ('26', '11', 'Salzer', 'Simone', 'Schlossallee 14', '01466', '1969-07-15', NULL, '1995-09-03', 1014.80, '5', '03', '8');
INSERT INTO `tbl_mitarbeiter` VALUES ('28', '2', 'Krumbieger', 'Klaus-Peter', 'Fuerstenweg 9 D', '01469', '1954-10-30', '6475045', '1995-04-28', 878.00, '6', '03', '8');
INSERT INTO `tbl_mitarbeiter` VALUES ('29', '8', 'Meier', 'Thomas', 'Kurzer Weg 3', '01469', '1971-08-16', '76348670', '2001-06-02', 0.00, '7', '00', '10');
INSERT INTO `tbl_mitarbeiter` VALUES ('46', '16', 'Steinberg', 'Frank', 'Karl-May-Straße 16', '01440', '1965-01-15', NULL, '1999-11-24', 2306.00, '7', '11', '14');
INSERT INTO `tbl_mitarbeiter` VALUES ('47', '13', 'Rumpf', 'Claudia', 'Drosselweg 37 F', '01440', '0000-00-00', NULL, '0000-00-00', 0.00, NULL, NULL, NULL);


UPDATE tbl_abteilung SET vorgesetzter = '02' WHERE abteilung_ID = '00';
UPDATE tbl_abteilung SET vorgesetzter = '11' WHERE abteilung_ID = '01';
UPDATE tbl_abteilung SET vorgesetzter = '06' WHERE abteilung_ID = '05';
UPDATE tbl_abteilung SET vorgesetzter = '07' WHERE abteilung_ID = '07';
UPDATE tbl_abteilung SET vorgesetzter = '19' WHERE abteilung_ID = '10';
UPDATE tbl_abteilung SET vorgesetzter = '46' WHERE abteilung_ID = '11';


-- --------------------------------------------------------
--
-- Tabellenstruktur fuer Tabelle `autor`
--

CREATE TABLE IF NOT EXISTS `autor` (
  `autor_id` varchar(4) collate latin1_german1_ci NOT NULL default '',
  `name` varchar(25) collate latin1_german1_ci NOT NULL default '',
  `vorname` varchar(25) collate latin1_german1_ci NOT NULL default '',
  `beschreibung` text collate latin1_german1_ci,
  PRIMARY KEY  (`autor_id`)
) ENGINE=MyISAM DEFAULT CHARSET=latin1 COLLATE=latin1_german1_ci;


-- --------------------------------------------------------
--
-- Daten fuer Tabelle `autor`
--

INSERT INTO `autor` (`autor_id`, `name`, `vorname`, `beschreibung`) VALUES
('dabr', 'Brown', 'Dan', 'Dan Brown, Sohn eines Mathematikprofessors und einer Musikerin, arbeitete als Englischlehrer, bevor er mit dem Roman "Illuminati" weltweit für Aufsehen sorgte. Mit seinen Romanen, die durch ihre Mischung aus Action, Wissenschaft und Geschichte bestechen, beherrscht er seither die internationalen Bestsellerlisten. Sein Roman "Sakrileg" gelangte in den USA auf Anhieb an die Spitze der Liste'),
('frsc', 'Schätzing', 'Frank', 'Frank Schätzing, geboren 1957, ist Gründer und Inhaber einer Werbeagentur in Köln und beschäftigt sich mit Chaosforschung und Kommunikationswissenschaften. Er schreibt Krimis, Satiren und Utopien.'),
('micr', 'Crichton', 'Michael', 'Michael Crichton wurde 1942 in Chicago geboren und studierte in Harvard Medizin. Crichton, der seit Mitte der sechziger Jahre Romane schreibt, greift immer wieder gekonnt neueste naturwissenschaftliche und technische Forschungen auf. Seine Romane "Jurassic Park", "Enthüllung", "Die Wiege der Sonne", um nur einige seiner bedeutendsten zu nennen, wurden auch als Filme weltweite Erfolge. Für die international erfolgreiche Serie "Emergency Room" schrieb er das Drehbuch. Zuletzt erschien im Karl Blessing Verlag BEUTE.'),
('woho', 'Hohlbein', 'Wolfgang', 'Wolfgang Hohlbein, 1953 in Weimar geboren, ist der meistgelesene und erfolgreichste deutschsprachige Fantasy-Autor. Seine Bücher decken die ganze Palette der Unterhaltungsliteratur ab - von Kinder- und Jugendbüchern über Romane und Drehbücher zu Filmen, von Fantasy über Sciencefiction bis hin zum Horror. Der Durchbruch gelang ihm 1982 mit dem Jugendbuch "Märchenmond", für das er mit dem Fantastik-Preis der Stadt Wetzlar ausgezeichnet wurde. 1993 schaffte er mit seinem phantastischen Thriller "Das Druidentor" im Hardcover für Erwachsene den Sprung auf die Spiegel-Bestsellerliste. Die Auflagen seiner Bücher gehen in die Millionen und immer noch wird seine Fangemeinde Tag für Tag größer. Der passionierte Motoradfahrer und Zinnfigurensammler lebt zusammen mit seiner Frau und Co-Autorin Heike, seinen Kindern und zahlreichen Hunden und Katzen am Niederrhein.'),
('crhe', 'Heath', 'Chris', '---'),
('maha', 'Haushofer', 'Marlen', 'seit ihrer Ausbildung am Max-Reinhardt-Seminar Schauspielerin am Burgtheater Wien. Sie ist Liedersängerin (die sich ihre Texte selbst schreibt) und hat mehrere Bücher veröffentlicht, darunter "Aus Tagebüchern", "Lieder", "Als gehörte eins zum andern. Eine Geschichte" und "Zwischen die Horizonte geschrieben".'),
('stki', 'King', 'Stephen', 'Stephen King wurde 1947 in Portland, Maine, geboren. Er war zunächst als Englischlehrer tätig, bevor ihm 1973 mit seinem ersten Roman ''Carrie'' der Durchbruch gelang. Seither hat er mehr als 30 Romane geschrieben und über 100 Kurzgeschichten verfasst und gilt als einer der erfolgreichsten Schriftsteller weltweit.\r\nStephen King lebt mit seiner Frau Tabitha in Bangor, Maine.'),
('amso', 'Sohn', 'Amy', '---'),
('jabe', 'Berndorf', 'Jacques', 'Hinter dem Pseudonym Jacques Berndorf verbirgt sich ein renommierter deutscher Journalist, der wie sein Held Siggi Baumeister in der Eifel wohnt und mit seinen Eifel-Krimis regelmäßig die Bestsellerlisten stürmt.'),
('kefo', 'Follett', 'Ken', 'Ken Follett, 1949 in Wales geboren, von Beruf Journalist, wurde mit seinem Thriller "Die Nadel" weltberühmt. Brillante Erzählkunst verbindet sich in seinen Büchern mit fundierter Sachkenntnis.'),
('pasu', 'Süskind', 'Patrick', '---'),
('coho', 'Hofmann', 'Corinne', 'Corinne Hofmann, 1960 im Schweizerischen Kanton Thurgau geboren, ist die Tochter einer französischen Mutter und eines deutschen Vaters. In Biel besaß sie eine Boutique, bevor sie nach Kenia zog. Heute lebt sie mit ihrer neunjährigen Tochter wieder in der Schweiz. Sie ist als Verkaufsberaterin im Dentalbereich tätig.');

-- --------------------------------------------------------
--
-- Tabellenstruktur fuer Tabelle `bestseller`
--

CREATE TABLE IF NOT EXISTS `bestseller` (
  `isbn` varchar(13) collate latin1_german1_ci NOT NULL default '',
  `autor` varchar(40) collate latin1_german1_ci NOT NULL default '',
  `titel` varchar(40) collate latin1_german1_ci NOT NULL default '',
  `jahr` year(4) NOT NULL default '0000',
  `beschreibung` text collate latin1_german1_ci,
  PRIMARY KEY  (`isbn`)
) ENGINE=MyISAM DEFAULT CHARSET=latin1 COLLATE=latin1_german1_ci;

-- --------------------------------------------------------
--
-- Daten für Tabelle `bestseller`
--

INSERT INTO `bestseller` (`isbn`, `autor`, `titel`, `jahr`, `beschreibung`) VALUES
('3-404-77000-5', 'Dan Brown', 'Illuminati', 2004, 'Ein Kernforscher wird in seinem Schweizer Labor ermordet aufgefunden. Auf seiner Brust finden sich merkwürdige Symbole eingraviert, Symbole, die nur der Harvardprofessor Robert Langdon zu entziffern vermag. Was er dabei entdeckt, erschreckt ihn zutiefst: Die Symbole gehören zu der legendären Geheimgesellschaft der "Illuminati". Diese Gemeinschaft scheint wieder zum Leben erweckt zu sein, und sie verfolgt einen finsteren Plan, denn aus dem Labor des ermordeten Kernforscherswurde Antimaterie entwendet.'),
('3-7857-2152-8', 'Dan Brown', 'Sakrileg', 2004, 'Robert Langdon, Symbologe aus Harvard, befindet sich aus beruflichen Gründen in Paris, als er einen merkwürdigen Anruf erhält: Der Chefkurator des Louvre wurde mitten in der Nacht vor dem Gemälde der Mona Lisa ermordet aufgefunden. Langdon begibt sich zum Tatort und erkennt schon bald, dass der Tote durch eine Reihe von versteckten Hinweisen auf die Werke Leonardo da Vincis aufmerksam machen wollte - Hinweise, die seinen gewaltsamen Tod erklären und auf eine finstere Verschwörung deuten. Bei seiner Suche nach den Hintergründen der Tat wird Robert Langdon von Sophie Neveu unterstützt, einer Kryptologin der Pariser Polizei und Tochter des ermordeten Kurators. Von ihr erfährt er auch, dass der Kurator der geheimnisumwitterten Sions-Bruderschaft angehörte - ebenso wie Leonardo da Vinci, Victor Hugo und Isaac Newton. Bei ihren Recherchen stoßen Robert und Sophie immer wieder auf verborgene Zeichen und Symbole in den Werken Leonardo da Vincis, die zum einen auf den Heiligen Gral hindeuten, zum anderen die These stützen, dass Jesus Christus und Maria Magdalena einen gemeinsamen Sohn hatten. Beides würde die Grundfesten der Kirche erschüttern. Erschwert wird die Suche der Wissenschaftler durch das Eingreifen der mysteriösen Organisation Opus Dei, die Roberts und Sophies Erkenntnisse unter allen Umständen unter Verschluss halten möchte - und dabei auch nicht vor Mord zurückschreckt.'),
('3-462-03374-3', 'Frank Schätzing', 'Der Schwarm', 2004, 'Frank Schätzing inszeniert die weltweite Auflehnung der Natur gegen den Menschen. Ein globales Katastrophenszenario zwischen Norwegen, Kanada, Japan und Deutschland, und ein Roman voller psychologischer und politischer Dramen mit einem atemberaubenden Schluss.\r\nEin Fischer verschwindet vor Peru, spurlos. Ölbohrexperten stoßen in der norwegischen See auf merkwürdige Organismen, die hunderte Quadratkilometer Meeresboden in Besitz genommen haben. Währenddessen geht mit den Walen entlang der Küste British Columbias eine unheimliche Veränderung vor.\r\nNichts von alledem scheint miteinander in Zusammenhang zu stehen. Doch Sigur Johanson, norwegischer Biologe und Schöngeist, glaubt nicht an Zufälle. Auch der indianische Walforscher Leon Anawak gelangt zu einer beunruhigenden Erkenntnis: Eine Katastrophe bahnt sich an. Doch wer oder was löst sie aus? Während die Welt an den Abgrund gerät, kommen die Wissenschaftler zusammen mit der britischen Journalistin Karen Weaver einer ungeheuerlichen Wahrh eit auf die Spur.\r\nDas globale Katastrophenszenario, das Frank Schätzing Schritt für Schritt mit beklemmender Logik entfaltet, ist von erschreckender Wahrscheinlichkeit. Es basiert auf so genauen naturwissenschaftlichen und ökologischen Recherchen, dass dieser Roman weit mehr ist als ein großartig geschriebener, spannungsgeladener Thriller. Das Buch stellt mit großer Dringlichkeit die Frage nach der Rolle des Menschen in der Schöpfung.\r\nMit Der Schwarm , seinem sechsten Buch, hat sich der Kölner Bestsellerautor Frank Schätzing in die erste Reihe großer internationaler Thriller-Autoren geschrieben. Ein seltenes Ereignis in der deutschsprachigen Gegenwartsliteratur.'),
('3-498-02980-0', 'Chris Heath', 'Feel Robbie Williams', 2004, 'Feel umspannt alle Aspekte von Robbie Williams'' Leben: von Anekdoten über sein Leben als Teenager in Stoke bis zum ersten Erfolg mit Take That; von seinen ersten Gehversuchen als Solokünstler bis zu seinem Rekord im englischen Knebworth 2003, als an drei Tagen hintereinander jeweils 125.000 Zuschauer zu seinen Konzerten pilgerten. Die Idee zum Buch kam Robbie Williams zum ersten Mal, als er sich 2002 mit Chris Heath zu einem Interview traf. Williams spürte, dass Heath und er zusammen das beste und ehrlichste Buch schreiben würden. Chris Heath hat unter anderem für das Musikmagazin Rolling Stone, den Telegraph und die Sunday Times gearbeitet und bereits eine Biographie über die Pet Shop Boys veröffentlicht...'),
('3-404-15055-4', 'Dan Brown', 'Meteor', 2003, 'Als die NASA mithilfe modernster Satelliten Technologie in der Arktis eine sensationelle Entdeckung macht, wittert die angeschlagene Raumfahrtbehörde Morgenluft. Tief im Eis verborgen liegt ein Meteor von ungewöhnlicher Größe, der zudem eine außerirdische Lebensform zu bergen scheint. Rachel Sexton, Mitarbeiterin des Geheimdienstes, reist im Auftrag des US-Präsidenten zum Fundort des Meteoriten. Doch es gibt eine Macht im Hintergrund, die die bahnbrechende Entdeckung unter Verschluss halten möchte und dies mit allen Mitteln.'),
('3-423-12597-7', 'Marlen Haushofer', 'Die Wand', 1999, 'Eine unsichtbare, undurchdringliche Wand, jenseits derer Totenstille herrscht, schiebt sich auf einmal zwischen das Tal, in dem die Ich-Erzählerin lebt, und die Außenwelt . . .\r\nEin unnachahmliches Gleichnis für das unüberwindliche Einsamsein.'),
('3-453-00096-X', 'Stephen King', 'Der Turm', 2004, 'Kings wichtigstes Werk findet seinen krönenden Abschluss Der neue große Roman von Stephen King ist gleichzeitig das grandiose Finale seines Zyklus um den Dunklen Turm. Sein Held Roland, der Revolvermann, und seine Gefährten sind am Ende eines langen Weges angekommen. Ãœber dreißig Jahre hat Stephen King an seinem Opus magnum im Geiste und auf Papier gefeilt und geschrieben. Nun steht sein Held, der Revolvermann Roland, vor dem "Dunklen Turm", wo seine Suche endet. Mit "Der Turm" liefert Stephen King das große Finale eines Romanzyklus, der schon jetzt als moderner Klassiker gilt und in einem Atemzug mit "Der Herr der Ringe" genannt werden muss. Die Geschichte von Roland ist vollbracht. Ich hoffe, sie bereitet Freude. Ich habe mich jedenfalls königlich amüsiert. Stephen King'),
('3-89602-606-2', 'Amy Sohn', 'Sex and the City, Kiss and tell', 2004, 'Das einzige offizielle Buch zur Kultserie. Mit über 750 farbigen Abbildungen. Das beste Weihnachtsgeschenk für alle Fans der Serie! Der New York Times-Bestseller jetzt erstmals auf Deutsch. Mehr als 250.000 verkaufte Exemplare und 5 Wochen auf der Bestsellerliste. Das einzige offizielle Buch zur Serie mit hunderten farbigen Abbildungen, dem kompletten Episodenguide und zahllosen Hintergrundinfos. Mit einem exklusiven Vorwort von Sarah Jessica Parker, der Hauptdarstellerin der Serie. Das Buch erscheint pünktlich zum Start der Erstausstrahlung der letzten, bislang noch ungesendeten Folgen der 6. Staffel auf ProSieben!'),
('3-89425-295-2', 'Jacques Berndorf', 'Eifel-Träume', 2004, 'Schwere Turbulenzen in der Eifel: Der Tod der zwölfjährigen Annegret lässt das kleine Städtchen Hildenberg zu einem Hexenkessel werden. Kriminalrat a. D. Rodenstock möchte dem Mordermittler Kischkewitz helfen, der heftig gemobbt wird. Zunächst finden Rodenstock, seine Lebensgefährtin Emma und der Journalist Siggi Baumeister aber nur unliebsame Wahrheiten, die niemand wissen will. Ein Ortsbürgermeister gerät schließlich ins Fadenkreuz der Ermittlungen, gleichzeitig tauchen Gerüchte über schwarze Messen auf - die Sache wird immer unübersichtlicher. Als der Täter schließlich gestellt wird, sind alle sprachlos vor Verwunderung - die Lösung war eigentlich so einfach ...'),
('3-404-11896-0', 'Ken Follett', 'Die Säulen der Erde', 2004, 'Im mittelalterlichen England spielt dieser historische Roman. Erzählt wird die Geschichte von Tom Builder, einem Steinmetz, der davon träumt, eine Kathedrale zu bauen. Es herrschen jedoch Krieg und bittere Armut im Land. Nach dem Tod seiner Frau trifft Tom auf die geheimnisvolle Ellen, die verstoßen und rechtlos mit ihrem Sohn Jack in den Wäldern lebt und die seine Gefährtin wird. Nachdem schließlich unter einem neuen König, Heinrich II., Frieden im Land einkehrt, gelingt es Tom mit Hilfe von Jack, seine Pläne doch noch zu verwirklichen.'),
('3-257-22800-7', 'Patrick Süskind', 'Das Parfum', 2000, 'Ein rares Meisterwerk zeitgenössischer Prosa, eine dicht gesponnene, psychologisch raffiniert umgesetzte Erzählung, die an die frühen Stücke von Patricia Highsmith erinnert, in ihrer Kunstfertigkeit aber an die Novellistik großer europäischer Erzähltradition anknüpft.'),
('3-426-77717-7', 'Corinne Hofmann', 'Zurück aus Afrika', 2004, 'Nach der langen Abwesenheit und dem Leben in einer ganz und gar andersartigen, fast archaischen Welt muss Corinne Hofmann so manche Fähigkeit, die ein Leben in Mitteleuropa erfordert, neu erlernen. Doch mit der gleichen Stärke, dem Mut und dem Optimismus, mit denen sie die Herausforderungen in Kenia bewältigte, baut sie für sich und ihre kleine Tochter eine neue Existenz auf. Während dieser Zeit hält sie durch viele Briefe und finanzielle Hilfe den Kontakt zu ihrer "afrikanischen Familie". Eines Tages kehrt sie zurück und blickt vom Dach Afrikas, dem Kilimandscharo, in die Weiten der kenianischen Steppe ...'),
('3-7857-2194-3', 'Dan Brown', 'Diabolus', 2005, 'Die NSA, einer der umstrittensten Geheimdienste der USA, verfügt über einen Super-Computer, der in der Lage ist, jeden erdenklichen Code innerhalb kürzester Zeit zu entschlüsseln. Auf diese Weise kann die chiffrierte Kommunikation von Terroristen, Drogenhändlern und anderen Kriminellen überprüft und den Verbrechern das Handwerk gelegt werden. Das Drama nimmt seinen Lauf, als der Super-Rechner seit Stunden erfolglos an einem Code arbeitet. Dieser Code wurde von einem Mann geschrieben, der in der Vergangenheit für die NSA gearbeitet hat, inzwischen aber zum Gegner des Geheimdienstes wurde. Wenn sein Plan gelingt, stünde die Sicherheit einer ganzen Nation auf dem Spiel.'),
('3-89667-210-X', 'Michael Crichton', 'Welt in Angst', 2005, 'Der Millionenerbe George Morton kommt einer unglaublichen Verschwörung auf die Spur: Die Umweltschützer der Organisation NERF machen mit Ökoterroristen gemeinsame Sache . Sie wollen ganz Kalifornien unter einem Tsunami begraben und in der Antarktis ein gewaltiges Eisschelf absprengen - diese Naturkatastrophen, vermeintlich durch die globale Erwärmung ausgelöst, sollen die Angst vor der Klimaveränderung schüren und so die Aufmerksamkeit der Medien auf die bevorstehende Klimakonferenz lenken. Für George Morton ist Geld eine Nebensächlichkeit. Zu den rauschenden Partys auf seinem riesigen Anwesen in Beverly Hills kommen die Stars der Filmbranche, und in seiner Garage stehen neun Ferraris. Er ist sich der Dekadenz seines Lebensstils bewusst, und um sein schlechtes Gewissen zu beruhigen hat sich der Mittsechziger leidenschaftlich dem Kampf gegen die globale Erwärmung verschrieben. Und so entschließt er sich, dem National Environmental Resource Fund zehn Millionen Dollar zu spenden, die vornehmlich in die Organisation einer Klimakonferenz fließen sollen. Doch noch bevor er den Scheck unterschrieben hat, erreicht ihn ein Anruf von seiner Bank: Die Umweltorganisation hat in seinem Namen eine viertel Million Dollar an eine Gruppe von dubiosen Aktivisten in Costa Rica überwiesen. Wofür nur verwenden sie sein Geld? Wie er schon bald von John Kenner, einem Mitarbeiter eines hoch geheimen Regierungsdienstes zur Terrorbekämpfung im Inneren, erfährt, gehört die Gruppe der radikalen Environmental Liberation Front an - und diese macht sich gerade weltweit durch mysteriöse Aktivitäten verdächtig, die auf einen groß angelegten Terrorakt hindeuten. George Morton ist entsetzt darüber, dass er mit seinem Geld den Ökoterrorismus unterstützt, begibt sich auf die Suche nach Beweisen für die Zusammenarbeit der Umweltschützer mit den Extremisten - und sieht sich vor eine nahezu unlösbare Aufgabe gestellt: Er muss einen künstlich erzeugten Tsunami verhindern, der das Leben von mehreren Millionen Kaliforniern gefährdet. "Von der Realität eingeholt. Crichtons Thriller ''Welt in Angst'' schildert einen Tsunami." News "Was die Verwandlung von trockenen Fakten in spannende Geschichten angeht, kann keiner Michael Crichton das Wasser reichen." Süddeutsche Zeitung "Crichton ist es gelungen, mit seiner literarischen Technik die Phantasie der halben Welt zu besetzen." Frankfurter Allgemeine Zeitung'),
('3-7857-2178-1', 'Wolfgang Hohlbein', 'Anubis', 2005, 'Mogens VanAndt ist Professor für Archäologie an einer kleinen Universität an der Ostküste der USA. Ihm stand einmal eine glänzende Karriere bevor. Doch es gibt einen dunklen Fleck in seiner Vergangenheit, der ihm anhaftet. Da erhält er eine neue Chance - ausgerechnet von dem Mann, den er hasst wie sonst keinen. Es geht um die größte archäologische Entdeckung auf amerikanischem Boden, einen unterirdischen Tempel in Kalifornien. Einen Tempel, wie es ihn dort gar nicht geben dürfte. Und das Tor, welches die stummen Tempelhüter bewachen, öffnet einen Weg in das Reich der Toten ...');

-- --------------------------------------------------------
--
-- Tabellenstruktur für Tabelle `bestseller_1`
--

CREATE TABLE IF NOT EXISTS `bestseller_1` (
  `isbn` varchar(13) collate latin1_german1_ci NOT NULL default '',
  `autor_id` varchar(4) collate latin1_german1_ci NOT NULL default '',
  `titel` varchar(40) collate latin1_german1_ci NOT NULL default '',
  `erschienen` year(4) NOT NULL default '0000',
  `verlag_id` varchar(4) collate latin1_german1_ci NOT NULL default '',
  PRIMARY KEY  (`isbn`)
) ENGINE=MyISAM DEFAULT CHARSET=latin1 COLLATE=latin1_german1_ci;

-- --------------------------------------------------------
--
-- Daten für Tabelle `bestseller_1`
--

INSERT INTO `bestseller_1` (`isbn`, `autor_id`, `titel`, `erschienen`, `verlag_id`) VALUES
('3-404-77000-5', 'dabr', 'Illuminati', 2004, 'lueb'),
('3-7857-2152-8', 'dabr', 'Sakrileg', 2004, 'lueb'),
('3-462-03374-3', 'frsc', 'Der Schwarm', 2004, 'kiep'),
('3-498-02980-0', 'chhe', 'Feel Robbie Williams', 2004, 'rowo'),
('3-404-15055-4', 'dabr', 'Meteor', 2003, 'lueb'),
('3-423-12597-7', 'maha', 'Die Wand', 1999, 'dtv'),
('3-453-00096-X', 'stki', 'Der Turm', 2004, 'heyn'),
('3-89602-606-2', 'amso', 'Sex and the City, Kiss and tell', 2004, 'schw'),
('3-89425-295-2', 'jabe', 'Eifel-Träume', 2004, 'graf'),
('3-404-11896-0', 'kefo', 'Die Säulen der Erde', 2004, 'lueb'),
('3-257-22800-7', 'pasu', 'Das Parfum', 2000, 'diog'),
('3-426-77717-7', 'coho', 'Zurück aus Afrika', 2004, 'droe'),
('3-7857-2194-3', 'dabr', 'Diabolus', 2005, 'lueb'),
('3-89667-210-X', 'micr', 'Welt in Angst', 2005, 'bles'),
('3-7857-2178-1', 'woho', 'Anubis', 2005, 'lueb');

-- --------------------------------------------------------
--
-- Tabellenstruktur für Tabelle `bestseller_2`
--

CREATE TABLE IF NOT EXISTS `bestseller_2` (
  `isbn` varchar(13) collate latin1_german1_ci NOT NULL default '',
  `autor_id` varchar(4) collate latin1_german1_ci NOT NULL default '',
  `titel` varchar(40) collate latin1_german1_ci NOT NULL default '',
  `erschienen` year(4) NOT NULL default '0000',
  `verlag_id` varchar(4) collate latin1_german1_ci NOT NULL default '',
  `preis` decimal(5,2) NOT NULL default '0.00',
  PRIMARY KEY  (`isbn`)
) ENGINE=MyISAM DEFAULT CHARSET=latin1 COLLATE=latin1_german1_ci;

-- --------------------------------------------------------
--
-- Daten für Tabelle `bestseller_2`
--

INSERT INTO `bestseller_2` (`isbn`, `autor_id`, `titel`, `erschienen`, `verlag_id`, `preis`) VALUES
('3-404-77000-5', 'dabr', 'Illuminati', 2004, 'lueb', 10.95),
('3-7857-2152-8', 'dabr', 'Sakrileg', 2004, 'lueb', 19.90),
('3-462-03374-3', 'frsc', 'Der Schwarm', 2004, 'kiep', 24.90),
('3-498-02980-0', 'chhe', 'Feel Robbie Williams', 2004, 'rowo', 22.90),
('3-404-15055-4', 'dabr', 'Meteor', 2003, 'lueb', 8.90),
('3-423-12597-7', 'maha', 'Die Wand', 1999, 'dtv', 8.00),
('3-453-00096-X', 'stki', 'Der Turm', 2004, 'heyn', 26.00),
('3-89602-606-2', 'amso', 'Sex and the City, Kiss and tell', 2004, 'schw', 19.90),
('3-89425-295-2', 'jabe', 'Eifel-Träume', 2004, 'graf', 9.90),
('3-404-11896-0', 'kefo', 'Die Säulen der Erde', 2004, 'lueb', 9.90),
('3-257-22800-7', 'pasu', 'Das Parfum', 2000, 'diog', 9.90),
('3-426-77717-7', 'coho', 'Zurück aus Afrika', 2004, 'droe', 8.90),
('3-7857-2194-3', 'dabr', 'Diabolus', 2005, 'lueb', 19.90),
('3-89667-210-X', 'micr', 'Welt in Angst', 2005, 'bles', 24.90),
('3-7857-2178-1', 'woho', 'Anubis', 2005, 'lueb', 19.90);


-- --------------------------------------------------------
--
-- Tabellenstruktur für Tabelle `verlag`
--

CREATE TABLE IF NOT EXISTS `verlag` (
  `verlag_id` varchar(4) collate latin1_german1_ci NOT NULL default '',
  `verlagsname` varchar(40) collate latin1_german1_ci NOT NULL default '',
  `adresse` varchar(40) collate latin1_german1_ci NOT NULL default '',
  PRIMARY KEY  (`verlag_id`)
) ENGINE=MyISAM DEFAULT CHARSET=latin1 COLLATE=latin1_german1_ci;

-- --------------------------------------------------------
--
-- Daten für Tabelle `verlag`
--

INSERT INTO `verlag` (`verlag_id`, `verlagsname`, `adresse`) VALUES
('lueb', 'Verlagsgruppe Lübbe', 'www.luebbe.de'),
('droe', 'Verlagsgruppe Droemer Knaur', 'www.droemer-knaur.de'),
('diog', 'Diogenes Verlag', 'www.diogenes.ch'),
('graf', 'Grafit Verlag GmbH', 'www.grafit.de'),
('schw', 'Schwarzkopf & Schwarzkopf Verlag', 'www.schwarzkopf-schwarzkopf.de'),
('heyn', 'HEYNE Verlag', '---'),
('dtv', 'Deutscher Taschenbuchverlag', 'www.dtv.de'),
('kiep', 'Verlag Kiepenheuer & Witsch', 'www.kiwi-koeln.de'),
('bles', 'BLESSING Verlag', '---'),
('rowo', 'Rowohlt Verlage', 'www.rowohlt.de');

-- --------------------------------------------------------
--
-- Tabellenstruktur fuer Tabelle `verbindungen`
--

CREATE TABLE IF NOT EXISTS `verbindungen` (
  `datum` date NOT NULL default '0000-00-00',
  `uhrzeit` time NOT NULL default '00:00:00',
  `telefonnummer` varchar(25) collate latin1_german1_ci NOT NULL,
  `dauer` time NOT NULL default '00:00:00',
  `betrag` decimal(7,4) NOT NULL default '0.0000'
) ENGINE=MyISAM DEFAULT CHARSET=latin1 COLLATE=latin1_german1_ci;

-- --------------------------------------------------------
--
-- Daten für Tabelle `verbindungen`
--

INSERT INTO `verbindungen` (`datum`, `uhrzeit`, `telefonnummer`, `dauer`, `betrag`) VALUES
('2004-12-13', '10:44:08', '0163123456', '00:02:45', 0.9526),
('2004-12-13', '19:48:27', '0177123456', '00:01:47', 0.6164),
('2004-12-13', '19:50:55', '0351123456', '00:09:05', 3.0818),
('2004-12-13', '20:00:00', '0351123456', '00:07:30', 2.5215),
('2004-12-13', '20:09:10', '0387351234', '00:07:51', 2.8696),
('2004-12-13', '21:53:49', '0387351234', '00:00:25', 0.3362),
('2004-12-14', '19:10:25', '0388123456', '00:00:01', 0.3362),
('2004-12-14', '19:17:06', '0351123456', '00:00:42', 0.3362),
('2004-12-14', '20:22:11', '0388123456', '00:02:25', 0.8405),
('2004-12-14', '21:31:22', '0176123456', '00:02:16', 0.7845),
('2004-12-15', '20:51:06', '0387351234', '00:14:37', 4.9309),
('2004-12-16', '07:13:46', '0387351234', '00:00:50', 0.3362);
